{"version":"1.0","provider_name":"Szam\u00f3ca Kiskert\u00e9sz","provider_url":"https:\/\/gyerekkertesz.cafeblog.hu","author_name":"Zsu Szamoca","author_url":"https:\/\/gyerekkertesz.cafeblog.hu\/author\/szamoca-zsugmail-com\/","title":"Mit vess\u00fcnk a h\u00e9tv\u00e9g\u00e9n?","html":"<div style=\"clear: right;float: right;margin-bottom: 1em;margin-left: 1em\"><\/div><div style=\"clear: both;text-align: center\"><a href=\"https:\/\/gyerekkertesz.cafeblog.hu\/files\/2014\/03\/P10606941.jpg\" style=\"clear: left;float: left;margin-bottom: 1em;margin-right: 1em\"><img border=\"0\" src=\"https:\/\/gyerekkertesz.cafeblog.hu\/files\/2014\/03\/P10606941.jpg\" height=\"240\" width=\"320\" \/><\/a><\/div><div style=\"clear: right;float: right;margin-bottom: 1em;margin-left: 1em\"><\/div>Nagyon sz\u00e9p id\u0151t j\u00f3soltak szombatra 20C, naps\u00fct\u00e9s, ide\u00e1lis a kert\u00e9szked\u00e9shez. Mivel ezen a h\u00e9tv\u00e9g\u00e9n pont nem lesz kiskert\u00e9sz foglalkoz\u00e1s a F\u00fcv\u00e9szkertben, vessetek, pal\u00e1nt\u00e1zzatok a kertben vagy a teraszon.<br \/><div style=\"text-align: justify\"><br \/><\/div><div style=\"text-align: justify\">Kertbe, \u00e1gy\u00e1sokba vessetek korai vetem\u00e9nyeket, amit a paradicsom, paprika, uborka pal\u00e1nt\u00e1k \u00fcltet\u00e9se el\u0151tt m\u00e1r le is sz\u00fcretelhettek:<\/div><div style=\"text-align: justify\">Retek<\/div><div style=\"text-align: justify\">Spen\u00f3t, rukkola<\/div><div style=\"text-align: justify\">Sal\u00e1ta, Kapor<\/div><div style=\"clear: both;text-align: center\"><a href=\"https:\/\/gyerekkertesz.cafeblog.hu\/files\/2014\/03\/radishes1.jpg\" style=\"clear: left;float: left;margin-bottom: 1em;margin-right: 1em\"><img border=\"0\" class=\"irc_mut\" src=\"https:\/\/gyerekkertesz.cafeblog.hu\/files\/2014\/03\/radishes1.jpg\" height=\"200\" id=\"irc_mi\" style=\"margin-top: 0px\" width=\"200\" \/><\/a><\/div><div style=\"text-align: justify\">Bors\u00f3 (m\u00e9g vethet\u0151, de gondolom, m\u00e1r elvetett\u00e9tek mikor err\u0151l \u00edrtam \u00e9s kib\u00fajt m\u00e1r n\u00e1latok is)<\/div><div style=\"text-align: justify\"><br \/><\/div><div style=\"text-align: justify\">hagyma, fokhagyma&nbsp; <\/div><div style=\"text-align: justify\"><br \/><\/div><div style=\"text-align: justify\">A k\u00f6vetkez\u0151ket nem fogj\u00e1tok a paradicsom el\u0151tt megenni, de most kell vetni \u00e9s biztos siker\u00fclni fog sz\u00e9p n\u00f6v\u00e9nyeket nevelni bel\u0151l\u00fck:<\/div><div style=\"text-align: justify\">S\u00e1rgar\u00e9pa, petrezselyem,  <\/div><div style=\"text-align: justify\">korai burgonya<\/div><div style=\"text-align: justify\"><br \/><\/div><div style=\"text-align: justify\">Hogy a n\u00f6v\u00e9nyv\u00e9delemr\u0151l is gondoskodjatok \u00e9s a vetem\u00e9nyest sz\u00ednes\u00edts\u00e9tek is sz\u00f3rj\u00e1tok el a tavaly begy\u0171jt\u00f6tt b\u00fcd\u00f6ske \u00e9s k\u00f6r\u00f6mvir\u00e1gmagokat is. A b\u00fcd\u00f6sk\u00e9t szeretik a katic\u00e1k \u00e9s a katic\u00e1k megeszik a lev\u00e9ltetveket, \u00edgy megold\u00f3dik a n\u00f6v\u00e9nyv\u00e9delem. <\/div><div style=\"text-align: justify\"><br \/><\/div><div style=\"text-align: justify\">Az ablakp\u00e1rk\u00e1nyon z\u00f6lds\u00e9ges fal\u00e1dik\u00e1ba vagy toj\u00e1start\u00f3ba vess\u00e9tek el a k\u00e1posztaf\u00e9l\u00e9ket.&nbsp; 6 h\u00e9t alatt ki\u00fcltethet\u0151 pal\u00e1nta nevelhet\u0151 bel\u0151l\u00fck. A retek vagy a sal\u00e1ta hely\u00e9re majd kik\u00f6lt\u00f6ztethetitek. Most vethetitek a f\u0171szern\u00f6v\u00e9nyek magj\u00e1t is: bazsalikomot, szurokf\u00fcvet, ment\u00e1t, citromf\u00fcvet. Ezeket is cser\u00e9pbe vess\u00e9tek \u00e9s m\u00e9g tarts\u00e1tok bent melegben az ablakp\u00e1rk\u00e1nyon.<\/div><div style=\"text-align: justify\"><a href=\"https:\/\/gyerekkertesz.cafeblog.hu\/files\/2014\/03\/kapor-3.jpg\" style=\"clear: right;float: right;margin-bottom: 1em;margin-left: 1em\"><img border=\"0\" class=\"irc_mut\" src=\"https:\/\/gyerekkertesz.cafeblog.hu\/files\/2014\/03\/kapor-3-300x300.jpg\" height=\"200\" id=\"irc_mi\" style=\"margin-top: 22px\" width=\"200\" \/><\/a><\/div><div style=\"text-align: justify\">Ha a kert\u00e9szked\u00e9st balkonl\u00e1d\u00e1kban szeretn\u00e9tek kivitelezni, akkor az al\u00e1bbiakat javaslom:<\/div><div style=\"text-align: justify\">napos teraszra: sal\u00e1ta, kapor (mehet ugyanabba a l\u00e1d\u00e1ba, elf\u00e9rnek egym\u00e1s mellett), z\u00f6ldbors\u00f3 (ezt ink\u00e1bb egy nagyobb cser\u00e9pbe vess\u00e9tek, ne a balkonl\u00e1d\u00e1ba), met\u00e9l\u0151hagyma<\/div><div style=\"text-align: justify\">f\u00e9l\u00e1rny\u00e9kos teraszon: rukkola, spen\u00f3t<\/div><div style=\"text-align: justify\"><br \/><\/div><div style=\"text-align: justify\">Mi a h\u00e9tv\u00e9g\u00e9n a gyerekotthonba k\u00e9sz\u00fcl\u00fcnk be\u00fcltetni a szabad \u00e1gy\u00e1sokat a biokertben a kis kert\u00e9szekkel. Mivel T\u00fcnd\u00e9vel m\u00e1r be\u00fcltettek j\u00f3 sok dughagym\u00e1t m\u00e9g 7 magas \u00e1gy\u00e1s \u00e9s 1 k\u00f6r \u00e1gy\u00e1s marad, amit \u00f3v\u00f3d\u00e1sok fognak be\u00fcltetni, lelkes \u00f6nk\u00e9ntesek seg\u00edts\u00e9g\u00e9vel.<\/div><a href=\"https:\/\/gyerekkertesz.cafeblog.hu\/files\/2014\/03\/P1060696.jpg\" style=\"clear: right;float: right;margin-bottom: 1em;margin-left: 1em\"><img border=\"0\" src=\"https:\/\/gyerekkertesz.cafeblog.hu\/files\/2014\/03\/P1060696.jpg\" height=\"240\" width=\"320\" \/><\/a><br \/>Az al\u00e1bbiakat tervezz\u00fck elvetni:<br \/>1. \u00e1gy\u00e1s: retek<br \/>2. \u00e1gy\u00e1s: sal\u00e1ta\/kapor<br \/>3. \u00e1gy\u00e1s: spen\u00f3t\/rukkola<br \/>4. \u00e1gy\u00e1s: petreszelyem<br \/>5. \u00e1gy\u00e1s: bors\u00f3<br \/>6. \u00e1gy\u00e1s:s\u00e1rgar\u00e9pa<br \/>7. \u00e1gy\u00e1s: korai burgonya<br \/>&nbsp;az \u00e1gy\u00e1sok sz\u00e9l\u00e9re vir\u00e1gmagok: b\u00fcd\u00f6ske, k\u00f6r\u00f6mvir\u00e1g<br \/><br \/>K\u00f6r \u00e1gy\u00e1s: szam\u00f3ca, f\u0171szerek<br \/><br \/>Cserepekbe vagy l\u00e1d\u00e1ba pal\u00e1nt\u00e1nak: k\u00e1posztaf\u00e9l\u00e9k, paprika <br \/><br \/>J\u00f3 kert\u00e9szked\u00e9st!","type":"rich","thumbnail_url":"https:\/\/gyerekkertesz.cafeblog.hu\/files\/2014\/03\/P10606941-150x150.jpg","thumbnail_width":150,"thumbnail_height":150}

Szamóca Kiskertész

Mit vessünk a hétvégén?

<div style="clear: right;float: right;margin-bottom: 1em;margin-left: 1em"></div><div style="clear: both;text-align: center"><a href="https://gyerekkertesz.cafeblog.hu/files/2014/03/P10606941.jpg" style="clear: left;float: left;margin-bottom: 1em;margin-right: 1em"><img border="0" src="https://gyerekkertesz.cafeblog.hu/files/2014/03/P10606941.jpg" height="240" width="320" /></a></div><div style="clear: right;float: right;margin-bottom: 1em;margin-left: 1em"></div>Nagyon szép időt jósoltak szombatra 20C, napsütés, ideális a kertészkedéshez. Mivel ezen a hétvégén pont nem lesz kiskertész foglalkozás a Füvészkertben, vessetek, palántázzatok a kertben vagy a teraszon.<br /><div style="text-align: justify"><br /></div><div style="text-align: justify">Kertbe, ágyásokba vessetek korai veteményeket, amit a paradicsom, paprika, uborka palánták ültetése előtt már le is szüretelhettek:</div><div style="text-align: justify">Retek</div><div style="text-align: justify">Spenót, rukkola</div><div style="text-align: justify">Saláta, Kapor</div><div style="clear: both;text-align: center"><a href="https://gyerekkertesz.cafeblog.hu/files/2014/03/radishes1.jpg" style="clear: left;float: left;margin-bottom: 1em;margin-right: 1em"><img border="0" class="irc_mut" src="https://gyerekkertesz.cafeblog.hu/files/2014/03/radishes1.jpg" height="200" id="irc_mi" style="margin-top: 0px" width="200" /></a></div><div style="text-align: justify">Borsó (még vethető, de gondolom, már elvetettétek mikor erről írtam és kibújt már nálatok is)</div><div style="text-align: justify"><br /></div><div style="text-align: justify">hagyma, fokhagyma&nbsp; </div><div style="text-align: justify"><br /></div><div style="text-align: justify">A következőket nem fogjátok a paradicsom előtt megenni, de most kell vetni és biztos sikerülni fog szép növényeket nevelni belőlük:</div><div style="text-align: justify">Sárgarépa, petrezselyem,  </div><div style="text-align: justify">korai burgonya</div><div style="text-align: justify"><br /></div><div style="text-align: justify">Hogy a növényvédelemről is gondoskodjatok és a veteményest színesítsétek is szórjátok el a tavaly begyűjtött büdöske és körömvirágmagokat is. A büdöskét szeretik a katicák és a katicák megeszik a levéltetveket, így megoldódik a növényvédelem. </div><div style="text-align: justify"><br /></div><div style="text-align: justify">Az ablakpárkányon zöldséges faládikába vagy tojástartóba vessétek el a káposztaféléket.&nbsp; 6 hét alatt kiültethető palánta nevelhető belőlük. A retek vagy a saláta helyére majd kiköltöztethetitek. Most vethetitek a fűszernövények magját is: bazsalikomot, szurokfüvet, mentát, citromfüvet. Ezeket is cserépbe vessétek és még tartsátok bent melegben az ablakpárkányon.</div><div style="text-align: justify"><a href="https://gyerekkertesz.cafeblog.hu/files/2014/03/kapor-3.jpg" style="clear: right;float: right;margin-bottom: 1em;margin-left: 1em"><img border="0" class="irc_mut" src="https://gyerekkertesz.cafeblog.hu/files/2014/03/kapor-3-300x300.jpg" height="200" id="irc_mi" style="margin-top: 22px" width="200" /></a></div><div style="text-align: justify">Ha a kertészkedést balkonládákban szeretnétek kivitelezni, akkor az alábbiakat javaslom:</div><div style="text-align: justify">napos teraszra: saláta, kapor (mehet ugyanabba a ládába, elférnek egymás mellett), zöldborsó (ezt inkább egy nagyobb cserépbe vessétek, ne a balkonládába), metélőhagyma</div><div style="text-align: justify">félárnyékos teraszon: rukkola, spenót</div><div style="text-align: justify"><br /></div><div style="text-align: justify">Mi a hétvégén a gyerekotthonba készülünk beültetni a szabad ágyásokat a biokertben a kis kertészekkel. Mivel Tündével már beültettek jó sok dughagymát még 7 magas ágyás és 1 kör ágyás marad, amit óvódások fognak beültetni, lelkes önkéntesek segítségével.</div><a href="https://gyerekkertesz.cafeblog.hu/files/2014/03/P1060696.jpg" style="clear: right;float: right;margin-bottom: 1em;margin-left: 1em"><img border="0" src="https://gyerekkertesz.cafeblog.hu/files/2014/03/P1060696.jpg" height="240" width="320" /></a><br />Az alábbiakat tervezzük elvetni:<br />1. ágyás: retek<br />2. ágyás: saláta/kapor<br />3. ágyás: spenót/rukkola<br />4. ágyás: petreszelyem<br />5. ágyás: borsó<br />6. ágyás:sárgarépa<br />7. ágyás: korai burgonya<br />&nbsp;az ágyások szélére virágmagok: büdöske, körömvirág<br /><br />Kör ágyás: szamóca, fűszerek<br /><br />Cserepekbe vagy ládába palántának: káposztafélék, paprika <br /><br />Jó kertészkedést!
